{"id":1408,"date":"2021-08-11T04:07:33","date_gmt":"2021-08-11T04:07:33","guid":{"rendered":"https:\/\/larson-demo.bslthemes.com\/?page_id=1408"},"modified":"2025-01-07T11:39:21","modified_gmt":"2025-01-07T10:39:21","slug":"terms-conditions","status":"publish","type":"page","link":"https:\/\/multitrav-est.fr\/index.php\/terms-conditions\/","title":{"rendered":"Mentions L\u00e9gales"},"content":{"rendered":"\t\t<div data-elementor-type=\"wp-page\" data-elementor-id=\"1408\" class=\"elementor elementor-1408\" data-elementor-post-type=\"page\">\n\t\t\t\t<div class=\"elementor-element elementor-element-4213be05 e-flex e-con-boxed e-con e-parent\" data-id=\"4213be05\" data-element_type=\"container\">\n\t\t\t\t\t<div class=\"e-con-inner\">\n\t\t\t\t<div class=\"elementor-element elementor-element-49ddfddb elementor-widget elementor-widget-text-editor\" data-id=\"49ddfddb\" data-element_type=\"widget\" data-widget_type=\"text-editor.default\">\n\t\t\t\t<div class=\"elementor-widget-container\">\n\t\t\t<style>\/*! elementor - v3.23.0 - 05-08-2024 *\/\n.elementor-widget-text-editor.elementor-drop-cap-view-stacked .elementor-drop-cap{background-color:#69727d;color:#fff}.elementor-widget-text-editor.elementor-drop-cap-view-framed .elementor-drop-cap{color:#69727d;border:3px solid;background-color:transparent}.elementor-widget-text-editor:not(.elementor-drop-cap-view-default) .elementor-drop-cap{margin-top:8px}.elementor-widget-text-editor:not(.elementor-drop-cap-view-default) .elementor-drop-cap-letter{width:1em;height:1em}.elementor-widget-text-editor .elementor-drop-cap{float:left;text-align:center;line-height:1;font-size:50px}.elementor-widget-text-editor .elementor-drop-cap-letter{display:inline-block}<\/style>\t\t\t\t<!-- wp:paragraph -->\n<h1><strong>Termes et Conditions<\/strong><\/h2>\n<p><strong>Nom de l\u2019entreprise<\/strong> : Multitrav&#8217;Est<br \/><strong>Num\u00e9ro SIRET<\/strong> : 93184505100016<br \/><strong>Statut<\/strong> : SAS (Soci\u00e9t\u00e9 par Actions Simplifi\u00e9e)<br \/><strong>Adresse<\/strong> : 1 rue du Landsberg, 67800 Hoenheim, France<\/p>\n<h4><strong>1.1. Introduction<\/strong><\/h4>\n<p>Bienvenue sur le site de Multitrav&#8217;Est. En utilisant ce site, vous acceptez les pr\u00e9sentes conditions d\u2019utilisation. Si vous n&#8217;acceptez pas ces conditions, veuillez ne pas utiliser notre site.<\/p>\n<h4><strong>1.2. Utilisation du Site<\/strong><\/h4>\n<p>Ce site a pour but de pr\u00e9senter les services de Multitrav&#8217;Est en mati\u00e8re de r\u00e9novation int\u00e9rieure. Aucune vente directe ou transaction en ligne n&#8217;est effectu\u00e9e sur ce site.<\/p>\n<h4><strong>1.3. Propri\u00e9t\u00e9 Intellectuelle<\/strong><\/h4>\n<p>Tout le contenu de ce site (texte, images, logos, etc.) est la propri\u00e9t\u00e9 exclusive de Multitrav&#8217;Est. Toute reproduction, modification ou diffusion sans autorisation \u00e9crite pr\u00e9alable est interdite.<\/p>\n<h4><strong>1.4. Limitation de Responsabilit\u00e9<\/strong><\/h4>\n<p>Multitrav&#8217;Est s\u2019efforce d\u2019assurer l\u2019exactitude des informations pr\u00e9sentes sur ce site. Cependant, nous d\u00e9clinons toute responsabilit\u00e9 en cas d\u2019erreurs ou d\u2019omissions, ou pour toute utilisation qui pourrait en \u00eatre faite par les utilisateurs. Nous ne sommes pas responsables des dommages directs ou indirects r\u00e9sultant de l\u2019utilisation de ce site.<\/p>\n<h4><strong>1.5. Modifications des Conditions<\/strong><\/h4>\n<p>Nous nous r\u00e9servons le droit de modifier ces conditions \u00e0 tout moment. Nous recommandons aux utilisateurs de consulter r\u00e9guli\u00e8rement cette page pour prendre connaissance des \u00e9ventuelles mises \u00e0 jour.<\/p>\n<!-- \/wp:paragraph -->\n\n<!-- wp:paragraph --><!-- \/wp:paragraph -->\t\t\t\t\t\t<\/div>\n\t\t\t\t<\/div>\n\t\t\t\t\t<\/div>\n\t\t\t\t<\/div>\n\t\t\t\t<\/div>\n\t\t","protected":false},"excerpt":{"rendered":"<p>Termes et Conditions Nom de l\u2019entreprise : Multitrav&#8217;EstNum\u00e9ro SIRET : 93184505100016Statut : SAS (Soci\u00e9t\u00e9 par Actions Simplifi\u00e9e)Adresse : 1 rue du Landsberg, 67800 Hoenheim, France 1.1. Introduction Bienvenue sur le site de Multitrav&#8217;Est. En utilisant ce site, vous acceptez les pr\u00e9sentes conditions d\u2019utilisation. Si vous n&#8217;acceptez pas ces conditions, veuillez&#8230; <\/p>\n<div class=\"readmore\"><a href=\"https:\/\/multitrav-est.fr\/index.php\/terms-conditions\/\" class=\"btn-link\">Read more<\/a><\/div>\n","protected":false},"author":1,"featured_media":0,"parent":0,"menu_order":0,"comment_status":"closed","ping_status":"closed","template":"template-elementor-default.php","meta":{"_acf_changed":false,"footnotes":""},"class_list":["post-1408","page","type-page","status-publish","hentry"],"acf":[],"_links":{"self":[{"href":"https:\/\/multitrav-est.fr\/index.php\/wp-json\/wp\/v2\/pages\/1408","targetHints":{"allow":["GET"]}}],"collection":[{"href":"https:\/\/multitrav-est.fr\/index.php\/wp-json\/wp\/v2\/pages"}],"about":[{"href":"https:\/\/multitrav-est.fr\/index.php\/wp-json\/wp\/v2\/types\/page"}],"author":[{"embeddable":true,"href":"https:\/\/multitrav-est.fr\/index.php\/wp-json\/wp\/v2\/users\/1"}],"replies":[{"embeddable":true,"href":"https:\/\/multitrav-est.fr\/index.php\/wp-json\/wp\/v2\/comments?post=1408"}],"version-history":[{"count":16,"href":"https:\/\/multitrav-est.fr\/index.php\/wp-json\/wp\/v2\/pages\/1408\/revisions"}],"predecessor-version":[{"id":1847,"href":"https:\/\/multitrav-est.fr\/index.php\/wp-json\/wp\/v2\/pages\/1408\/revisions\/1847"}],"wp:attachment":[{"href":"https:\/\/multitrav-est.fr\/index.php\/wp-json\/wp\/v2\/media?parent=1408"}],"curies":[{"name":"wp","href":"https:\/\/api.w.org\/{rel}","templated":true}]}}